nder when 42 is divided by k?
12
Suppose -25 = -t + 46. Let z = t + -32. What is the remainder when z is divided by 14?
11
Suppose 0 = -2*w + 7*w - 60. What is the remainder when (-4 + (-5)/(-1))/(4/180) is divided by w?
9
Let r(v) = 3 - v**2 + v**3 + 3*v**2 + 4*v**2. Let w be r(-5). Suppose -4*n + 3*g = -2*g - w, 2*n - 4*g - 20 = 0. Calculate the remainder when 2 is divided by n.
0
Let t = -18 + 69. Let r(b) = 3*b**2 - 11*b + 9. Calculate the remainder when t is divided by r(4).
12
Suppose 3*t = 3*u - 6*u + 60, -4*t + 12 = 0. Calculate the remainder when u is divided by 6.
5
Let y(v) = -2*v**3 - 32*v**2 - 13*v + 9. Calculate the remainder when y(-16) is divided by 56.
49
Let p = 34 - 13. Suppose 0 = k, -4*x + 2*k + 50 = -194. Calculate the remainder when x is divided by p.
19
Suppose t - 4*m = 1 + 9, 4*m + 22 = -5*t. Calculate the remainder when (t - 1)/(-3) + 54 is divided by 2/3*57/2.
17
Let g(o) = -o**3 - 6*o**2 + 7*o + 1. What is the remainder when 1/(-2)*(-4 + 0) is divided by g(-7)?
0
Suppose -5*q = -3*c + 86, -3*q = -c - 8*q + 22. Suppose -4*b + c = -s, 2*s - 44 = -3*b - 2*s. Calculate the remainder when (21/5)/(1/5) is divided by b.
5
Let j = 46 + -24. Calculate the remainder when j is divided by 6.
4
Let n = -5 + 5. Suppose n*w - 4*w = -5*l - 25, l = -1. Suppose -55 = -3*f - 5*j + j, w*f = 4*j + 81. Calculate the remainder when 33 is divided by f.
16
Let v be -1*2*(-20)/8. Suppose 39 = 4*z + d, -3*z + v*d = -0*d - 12. Calculate the remainder when 16 is divided by z.
7
Let p = -10 - -17. Calculate the remainder when 7/56 - ((-995)/(-8))/(-5) is divided by p.
4
Let j(n) = 12*n**2 - 13*n**2 + 5*n - 4 + 3. Let p be j(5). What is the remainder when 27 is divided by 15 + 1*p/1?
13
Let l(c) = -c**3 - 5*c**2 - 2*c + 1. Let m be l(-4). What is the remainder when ((-14)/m)/(2/7) is divided by 3?
1
Suppose 6*p - 2*p - r = 14, 4*p - 3*r - 18 = 0. Suppose -m - p*z = -26, -2*m + z + 12 = -z. Calculate the remainder when m is divided by (1 - -2)*(-4)/(-3).
3
Suppose 0 = 4*u + 23 - 115. Suppose 12 = 5*y - u. What is the remainder when 13 is divided by y?
6
Suppose 0 = -u - 3, -n - 4*u + 4 = -0. Let g = n - -7. What is the remainder when g is divided by 12?
11
Let n = 6 - -28. Calculate the remainder when n is divided by 7.
6
Let j(n) = -n + 7. Let p be j(13). Calculate the remainder when 5 is divided by 0 - -4 - p/(-3).
1
Let c(d) be the first derivative of -9*d**2/2 - 4*d - 1. What is the remainder when c(-6) is divided by (-36)/8 + 3 + (-74)/(-4)?
16
Let m be (4 - 39/9)*-12. Suppose -k = 5*c - 3*k - 181, 0 = -5*c - m*k + 193. Suppose 0 = 5*o + 25 - 120. What is the remainder when c is divided by o?
18
Suppose -q = -67 + 2. Calculate the remainder when q is divided by 17.
14
Suppose 35 = -d + 6*d. Suppose 0 = 2*x + x - 261. Suppose j = -c + 18, -4*c + j - 5 + x = 0. What is the remainder when c is divided by d?
6
Let p(q) = -20*q - 2. Calculate the remainder when 149 is divided by p(-2).
35
Suppose -7 = -2*z + 1, o - 12 = 5*z. Suppose -28 - o = -5*y. What is the remainder when 34 is divided by y?
10
What is the remainder when 31 is divided by 4 + (-7)/((-14)/8)?
7
Let u = 17 - 15. Suppose 59 + 56 = 3*k + 4*o, -5*o + 86 = u*k. Calculate the remainder when k is divided by 9.
6
Calculate the remainder when 38 is divided by (6 - 3 - 0) + 19.
16
Let s = 62 + -31. What is the remainder when s is divided by 8?
7
Let j(n) be the second derivative of n**5/20 - 5*n**4/6 + 11*n**3/6 + 3*n**2 - 5*n. What is the remainder when j(9) is divided by 13?
11
Suppose 3*k = 19 + 14. What is the remainder when 19 is divided by k?
8
Suppose -2*q + 2*b = -3*q + 6, -12 = q - 4*b. Suppose q = 2*g - 4*g. Suppose 0*w = -n - w + 15, g = 2*w - 2. What is the remainder when n is divided by 8?
6
Let y = 11 + -4. Calculate the remainder when y is divided by 4.
3
Suppose -x + 0 = 6. Let c = x - -20. Let t = 1 + c. Calculate the remainder when 29 is divided by t.
14
Let x be 51/9 + 2/(-3). Let r(m) = m + 4. Calculate the remainder when 26 is divided by r(x).
8
What is the remainder when 27 is divided by ((-45)/6)/(6/(-12))?
12
Suppose -r = 3*c - 41 + 9, -3*c = -6. Suppose 1 + 3 = k. Suppose -k = 4*h, 3*h - 11 = -o - 0*o. Calculate the remainder when r is divided by o.
12
Let d = 8 - 4. Let t be d/(-2) - (-1 + -5). Suppose -6 = h - t*h. What is the remainder when h is divided by 2?
0
Let g(a) = -a + 44. What is the remainder when g(16) is divided by 19?
9
Let f(p) = 2*p**2 - 3*p - 4. Suppose 12 = -j - 5*u, -4*j + 22 - 7 = -u. What is the remainder when 9 is divided by f(j)?
4
Suppose 16 = 5*u - 3*d + 87, 5*d = -3*u - 29. Let y = u + 33. Calculate the remainder when y is divided by 2 - (2 + -2) - -5.
6
Suppose 0 = 4*h - 5*h + 5. What is the remainder when 5*(-2)/10*-8 is divided by h?
3
Let k = -136 + 586. Suppose 4*h - 4*z = -8*z + 44, 5*z + 23 = h. What is the remainder when (-6)/(-4) - k/(-20) is divided by h?
11
Let v(k) = -2*k. Let w be v(-4). Suppose -w = -l - 5*d, d - 5*d = -l + 17. What is the remainder when l is divided by 5?
3
Let t(s) = s**3 - 3*s**2 - 8*s. What is the remainder when 49 is divided by t(5)?
9
Suppose -5 = -5*y + 5. Suppose -y*m + 9 + 3 = 0. Calculate the remainder when 11 is divided by m.
5
What is the remainder when 25*(-35)/125*-5 is divided by 27?
8
Let z = 5 - 1. Calculate the remainder when 10 is divided by z.
2
Let z(g) = -12*g**3 + 7*g**2 - 3*g - 9. Let p(q) = -6*q**3 + 4*q**2 - 2*q - 5. Let t(f) = 7*p(f) - 4*z(f). What is the remainder when t(1) is divided by 3?
2
Let d(a) = 21*a**2 - a + 1. Suppose 5 = v + 4*v. What is the remainder when d(v) is divided by 8?
5
Let t(s) be the first derivative of -s**3/3 + 2*s**2 + 1. Calculate the remainder when 14 is divided by t(2).
2
Suppose -4*w = 2*d + 6, -2*w - 5 = 3. Suppose d*j - 80 = -30. Calculate the remainder when j is divided by 1/((-3)/(-2))*6.
2
Suppose 3*v - v + 90 = 0. Let y = 81 + v. Suppose -3*w = 2*u - 4 - 52, -w - 5*u = -y. Calculate the remainder when w is divided by 9.
7
Suppose 0 = 2*a - l - 17, -l + 28 = 4*a - 15. Calculate the remainder when 48 is divided by a.
8
Let x(a) = 8*a - 1. Calculate the remainder when 41 is divided by x(2).
11
Let u(p) = -4 + 3 + 14*p - 5. Let o be u(-5). Let v = o + 117. What is the remainder when v is divided by 14?
13
Let j be -4 - ((0 - 2) + -2). Suppose j = -5*y + 79 + 16. What is the remainder when 55 is divided by y?
17
Suppose 4*j = 47 + 5. Calculate the remainder when 64 is divided by j.
12
Let a = -10 - -14. Calculate the remainder when a is divided by 121/55 - (-1)/(-5).
0
Let w(k) = -k**3 - 11*k**2 + 7*k - 18. Let i = -16 + 31. What is the remainder when w(-12) is divided by i?
12
Suppose -4*z + 56 = 4*b, -3*z + 53 = 2*b + 9. Suppose -2*g = g - 87. Calculate the remainder when g is divided by z.
13
Let a be 2/8 + 385/(-20). Let z(k) = 6*k + 4. Let r be z(6). Let j = r + a. What is the remainder when j is divided by 11?
10
Let m = -33 - -79. What is the remainder when m is divided by 18?
10
Let y be 6/(-8) - (-21)/12. Calculate the remainder when 9 is divided by (1 - y)/4 - -5.
4
Let y = -31 + 50. What is the remainder when 168 is divided by y?
16
Let d = -8 + 6. Let c = d + 7. Suppose a + 5 = -4*a, -c*a = 2*o - 9. What is the remainder when 20 is divided by o?
6
Suppose 40 = 4*x + x. Suppose -2*m = -3*m + 30. Calculate the remainder when m is divided by x.
6
Suppose -5*w - 73 = -2*b - 28, -65 = -5*b + 3*w. Calculate the remainder when 14 is divided by b.
4
Suppose -4*y + 9 = 3*i, -3*i + 2*i + 11 = 4*y. Let p = y + -1. Let r = -7 + 10. What is the remainder when r is divided by p?
1
Let o(r) = -6*r**2 + 2*r + 2. Let z = 0 + -2. Let i be o(z). Let y = i - -36. What is the remainder when 29 is divided by y?
9
Let z(w) = -w**2 - 15*w - 11. What is the remainder when z(-11) is divided by 6?
3
Let z = -55 - -74. Let j = 4 + -2. Suppose -2*x + 4*s + 18 = 0, 3*x - 7 = -j*s + 12. What is the remainder when z is divided by x?
5
Let o be -4*((-945)/(-12))/5. Calculate the remainder when ((-6)/(-9))/((-2)/o) is divided by 8.
5
Let f = 1 - -16. Suppose 9 + 56 = w. Calculate the remainder when w is divided by f.
14
Let s be ((-8)/(-5))/(6/255). Suppose -2 = 2*w - s. Calculate the remainder when w is divided by 12.
9
Suppose -3*y = -5*h + 22, 10 - 1 = 2*h - y. 